{"id":56006,"date":"2019-10-17T18:35:17","date_gmt":"2019-10-17T18:35:17","guid":{"rendered":"https:\/\/sistemas.tic.unam.mx\/?page_id=56006"},"modified":"2023-07-24T17:49:24","modified_gmt":"2023-07-24T17:49:24","slug":"identidad-digital-universitaria","status":"publish","type":"page","link":"https:\/\/sistemas.tic.unam.mx\/index.php\/identidad-digital-universitaria\/","title":{"rendered":"Identidad Digital Universitaria (IDU)"},"content":{"rendered":"\t\t<div data-elementor-type=\"wp-post\" data-elementor-id=\"56006\" class=\"elementor elementor-56006\">\n\t\t\t\t\t\t<div class=\"elementor-inner\">\n\t\t\t\t<div class=\"elementor-section-wrap\">\n\t\t\t\t\t\t\t\t\t<section class=\"elementor-section elementor-top-section elementor-element elementor-element-279e211 elementor-section-stretched elementor-section-boxed elementor-section-height-default elementor-section-height-default\" data-id=\"279e211\" data-element_type=\"section\" data-settings=\"{&quot;stretch_section&quot;:&quot;section-stretched&quot;}\">\n\t\t\t\t\t\t<div class=\"elementor-container elementor-column-gap-default\">\n\t\t\t\t\t\t\t<div class=\"elementor-row\">\n\t\t\t\t\t<div class=\"elementor-column elementor-col-100 elementor-top-column elementor-element elementor-element-d3526cb\" data-id=\"d3526cb\" data-element_type=\"column\">\n\t\t\t<div class=\"elementor-column-wrap elementor-element-populated\">\n\t\t\t\t\t\t\t<div class=\"elementor-widget-wrap\">\n\t\t\t\t\t\t<section class=\"elementor-section elementor-inner-section elementor-element elementor-element-1ba4fbd elementor-section-boxed elementor-section-height-default elementor-section-height-default\" data-id=\"1ba4fbd\" data-element_type=\"section\">\n\t\t\t\t\t\t<div class=\"elementor-container elementor-column-gap-default\">\n\t\t\t\t\t\t\t<div class=\"elementor-row\">\n\t\t\t\t\t<div class=\"elementor-column elementor-col-66 elementor-inner-column elementor-element elementor-element-717a1d7\" data-id=\"717a1d7\" data-element_type=\"column\">\n\t\t\t<div class=\"elementor-column-wrap elementor-element-populated\">\n\t\t\t\t\t\t\t<div class=\"elementor-widget-wrap\">\n\t\t\t\t\t\t<div class=\"elementor-element elementor-element-acf5458 elementor-widget elementor-widget-text-editor\" data-id=\"acf5458\" data-element_type=\"widget\" data-widget_type=\"text-editor.default\">\n\t\t\t\t<div class=\"elementor-widget-container\">\n\t\t\t\t\t\t\t\t<div class=\"elementor-text-editor elementor-clearfix\">\n\t\t\t\t<h4 dir=\"ltr\"><span style=\"color: #008080;\"><b><span style=\"color: #245897;\">Descripci\u00f3n:<\/span> <\/b><\/span><span style=\"font-weight: normal;\">Servicio de identificaci\u00f3n y autenticaci\u00f3n universitaria para acceso con clave \u00fanica a sistemas y aplicaciones universitarias.<\/span><\/h4>\n<div>\n<h4 dir=\"ltr\" style=\"font-family: 'Work Sans', sans-serif; font-style: normal;\"><span style=\"font-size: 20px; color: #008080;\"><span style=\"color: #245897;\">\u00c1rea responsable:<\/span> <\/span><span style=\"font-weight: normal;\">Coordinaci\u00f3n de Servicios de Identidad y Firma Electr\u00f3nica Universitaria&nbsp;<\/span><\/h4>\n<\/div>\n<h4 dir=\"ltr\"><span style=\"color: #008080;\"><b><span style=\"color: #245897;\">Responsable:<\/span>&nbsp;<\/b><\/span><span style=\"font-weight: normal;\">Mtra. Lizbeth Ang\u00e9lica Barreto Z\u00fa\u00f1iga&nbsp;<\/span><\/h4>\n<h4 dir=\"ltr\"><span style=\"color: #245897;\"><b>Correo electr\u00f3nico:<\/b><\/span> <span style=\"font-weight: normal;\">firma.tic@unam.mx y csifeu.dgtic@unam.mx<\/span><\/h4>\n<h4 dir=\"ltr\"><span style=\"color: #008080;\"><b><span style=\"color: #245897;\">Tel\u00e9fono:<\/span>&nbsp;<\/b><\/span><span style=\"font-weight: normal;\">55 5622 3599<\/span><\/h4>\n<h4 dir=\"ltr\"><span style=\"color: #008080;\"><b><span style=\"color: #245897;\">Sitio Web:<\/span>&nbsp;<\/b><\/span><a href=\"https:\/\/www.fea.unam.mx\/\">https:\/\/www.fea.unam.mx\/<\/a><\/h4>\t\t\t\t\t<\/div>\n\t\t\t\t\t\t<\/div>\n\t\t\t\t<\/div>\n\t\t\t\t\t\t<\/div>\n\t\t\t\t\t<\/div>\n\t\t<\/div>\n\t\t\t\t<div class=\"elementor-column elementor-col-33 elementor-inner-column elementor-element elementor-element-ef53626\" data-id=\"ef53626\" data-element_type=\"column\">\n\t\t\t<div class=\"elementor-column-wrap elementor-element-populated\">\n\t\t\t\t\t\t\t<div class=\"elementor-widget-wrap\">\n\t\t\t\t\t\t<div class=\"elementor-element elementor-element-5406d34 elementor-widget elementor-widget-image\" data-id=\"5406d34\" data-element_type=\"widget\" data-widget_type=\"image.default\">\n\t\t\t\t<div class=\"elementor-widget-container\">\n\t\t\t\t\t\t\t\t<div class=\"elementor-image\">\n\t\t\t\t\t\t\t\t\t\t\t\t<img decoding=\"async\" src=\"https:\/\/sistemas.tic.unam.mx\/wp-content\/uploads\/elementor\/thumbs\/componentefirma-q5xk6h8stp0v64tkmf2te16ugg6xiue8ulcx6zretg.jpg\" title=\"componentefirma\" alt=\"componentefirma\" loading=\"lazy\" \/>\t\t\t\t\t\t\t\t\t\t\t\t\t\t<\/div>\n\t\t\t\t\t\t<\/div>\n\t\t\t\t<\/div>\n\t\t\t\t\t\t<\/div>\n\t\t\t\t\t<\/div>\n\t\t<\/div>\n\t\t\t\t\t\t\t\t<\/div>\n\t\t\t\t\t<\/div>\n\t\t<\/section>\n\t\t\t\t<div class=\"elementor-element elementor-element-5016282 elementor-widget-divider--view-line elementor-widget elementor-widget-divider\" data-id=\"5016282\" data-element_type=\"widget\" data-widget_type=\"divider.default\">\n\t\t\t\t<div class=\"elementor-widget-container\">\n\t\t\t\t\t<div class=\"elementor-divider\">\n\t\t\t<span class=\"elementor-divider-separator\">\n\t\t\t\t\t\t<\/span>\n\t\t<\/div>\n\t\t\t\t<\/div>\n\t\t\t\t<\/div>\n\t\t\t\t\t\t<\/div>\n\t\t\t\t\t<\/div>\n\t\t<\/div>\n\t\t\t\t\t\t\t\t<\/div>\n\t\t\t\t\t<\/div>\n\t\t<\/section>\n\t\t\t\t<section class=\"elementor-section elementor-top-section elementor-element elementor-element-09529e7 elementor-section-stretched elementor-section-boxed elementor-section-height-default elementor-section-height-default\" data-id=\"09529e7\" data-element_type=\"section\" data-settings=\"{&quot;stretch_section&quot;:&quot;section-stretched&quot;}\">\n\t\t\t\t\t\t<div class=\"elementor-container elementor-column-gap-default\">\n\t\t\t\t\t\t\t<div class=\"elementor-row\">\n\t\t\t\t\t<div class=\"elementor-column elementor-col-100 elementor-top-column elementor-element elementor-element-c1abb15\" data-id=\"c1abb15\" data-element_type=\"column\">\n\t\t\t<div class=\"elementor-column-wrap elementor-element-populated\">\n\t\t\t\t\t\t\t<div class=\"elementor-widget-wrap\">\n\t\t\t\t\t\t<section class=\"elementor-section elementor-inner-section elementor-element elementor-element-7e13d36 elementor-section-height-min-height elementor-section-content-bottom elementor-section-boxed elementor-section-height-default\" data-id=\"7e13d36\" data-element_type=\"section\">\n\t\t\t\t\t\t<div class=\"elementor-container elementor-column-gap-default\">\n\t\t\t\t\t\t\t<div class=\"elementor-row\">\n\t\t\t\t\t<div class=\"elementor-column elementor-col-50 elementor-inner-column elementor-element elementor-element-9b522c4\" data-id=\"9b522c4\" data-element_type=\"column\">\n\t\t\t<div class=\"elementor-column-wrap elementor-element-populated\">\n\t\t\t\t\t\t\t<div class=\"elementor-widget-wrap\">\n\t\t\t\t\t\t<div class=\"elementor-element elementor-element-6d54291 elementor-widget elementor-widget-text-editor\" data-id=\"6d54291\" data-element_type=\"widget\" data-widget_type=\"text-editor.default\">\n\t\t\t\t<div class=\"elementor-widget-container\">\n\t\t\t\t\t\t\t\t<div class=\"elementor-text-editor elementor-clearfix\">\n\t\t\t\t<div>\n<div>\n<h1 style=\"text-align: left;\">Aplicabilidad de servicios por tipo de usuario<\/h1>\n<table style=\"width: 76.2741%; height: 130px;\" cellspacing=\"0\" cellpadding=\"0\">\n<thead>\n<tr style=\"height: 22px;\">\n<th style=\"height: 22px; width: 20.8847%;\"><span style=\"background-color: #ffffff;\">USUARIO<\/span><\/th>\n<th style=\"height: 22px; width: 13.1064%;\"><span style=\"background-color: #ffffff;\">Disponibilidad<\/span><\/th>\n<th style=\"height: 22px; width: 11.9858%;\"><span style=\"background-color: #ffffff;\">Costos<\/span><\/th>\n<th style=\"height: 22px; width: 20.2847%;\"><span style=\"background-color: #ffffff;\">Restricciones<\/span><\/th>\n<\/tr>\n<\/thead>\n<tbody style=\"background: rgba(128, 192, 255, 0.3); border: 1px solid rgba(200, 100, 0, 0.3);\">\n<tr style=\"height: 22px;\">\n<td style=\"height: 22px; width: 20.8847%;\">\n<h6><strong>Estudiantes UNAM<\/strong><\/h6>\n<\/td>\n<td style=\"height: 22px; width: 13.1064%;\">Si<\/td>\n<td style=\"height: 22px; width: 11.9858%;\">No aplica<\/td>\n<td style=\"height: 22px; width: 20.2847%;\">No aplica<\/td>\n<\/tr>\n<\/tbody>\n<tbody>\n<tr style=\"height: 22px;\">\n<td style=\"height: 22px; width: 20.8847%;\">\n<h6><strong>Acad\u00e9micos UNAM<\/strong><\/h6>\n<\/td>\n<td style=\"height: 22px; width: 13.1064%;\">Si<\/td>\n<td style=\"height: 22px; width: 11.9858%;\">No<\/td>\n<td style=\"height: 22px; width: 20.2847%;\">Proporcionado por Agente Certificador en la entidad correspondiente<\/td>\n<\/tr>\n<\/tbody>\n<tbody style=\"background: rgba(128, 192, 255, 0.3); border: 1px solid rgba(200, 100, 0, 0.3);\">\n<tr style=\"height: 22px;\">\n<td style=\"height: 22px; width: 20.8847%;\">\n<h6><strong>Entidades y dependencias UNAM<\/strong><\/h6>\n<\/td>\n<td style=\"height: 22px; width: 13.1064%;\">Si<\/td>\n<td style=\"height: 22px; width: 11.9858%;\">No<\/td>\n<td style=\"height: 22px; width: 20.2847%;\">Solo para sistemas que cumplan normatividad de Firma Electr\u00f3nica<\/td>\n<\/tr>\n<\/tbody>\n<tbody>\n<tr>\n<td style=\"height: 42px; width: 20.8847%;\">\n<h6><strong>P\u00fablico en general y organizaciones externas<\/strong><\/h6>\n<\/td>\n<td style=\"height: 42px; width: 13.1064%;\">Si<\/td>\n<td style=\"height: 42px; width: 11.9858%;\">A partir de dimensi\u00f3n del servicio<\/td>\n<td style=\"height: 42px; width: 20.2847%;\">Solo para instituciones de educaci\u00f3n e investigaci\u00f3n con convenio<\/td>\n<\/tr>\n<\/tbody>\n<\/table>\n<\/div>\n<\/div>\t\t\t\t\t<\/div>\n\t\t\t\t\t\t<\/div>\n\t\t\t\t<\/div>\n\t\t\t\t\t\t<\/div>\n\t\t\t\t\t<\/div>\n\t\t<\/div>\n\t\t\t\t<div class=\"elementor-column elementor-col-50 elementor-inner-column elementor-element elementor-element-f2a29e0\" data-id=\"f2a29e0\" data-element_type=\"column\">\n\t\t\t<div class=\"elementor-column-wrap\">\n\t\t\t\t\t\t\t<div class=\"elementor-widget-wrap\">\n\t\t\t\t\t\t\t\t<\/div>\n\t\t\t\t\t<\/div>\n\t\t<\/div>\n\t\t\t\t\t\t\t\t<\/div>\n\t\t\t\t\t<\/div>\n\t\t<\/section>\n\t\t\t\t\t\t<\/div>\n\t\t\t\t\t<\/div>\n\t\t<\/div>\n\t\t\t\t\t\t\t\t<\/div>\n\t\t\t\t\t<\/div>\n\t\t<\/section>\n\t\t\t\t\t\t\t\t\t<\/div>\n\t\t\t<\/div>\n\t\t\t\t\t<\/div>\n\t\t","protected":false},"excerpt":{"rendered":"<p>Descripci\u00f3n: Servicio de identificaci\u00f3n y autenticaci\u00f3n universitaria para acceso con clave \u00fanica a sistemas y aplicaciones universitarias. \u00c1rea responsable: Coordinaci\u00f3n [&hellip;]<\/p>\n","protected":false},"author":1,"featured_media":0,"parent":0,"menu_order":0,"comment_status":"closed","ping_status":"closed","template":"","meta":{"_EventAllDay":false,"_EventTimezone":"","_EventStartDate":"","_EventEndDate":"","_EventStartDateUTC":"","_EventEndDateUTC":"","_EventShowMap":false,"_EventShowMapLink":false,"_EventURL":"","_EventCost":"","_EventCostDescription":"","_EventCurrencySymbol":"","_EventCurrencyCode":"","_EventCurrencyPosition":"","_EventDateTimeSeparator":"","_EventTimeRangeSeparator":"","_EventOrganizerID":[],"_EventVenueID":[],"_OrganizerEmail":"","_OrganizerPhone":"","_OrganizerWebsite":"","_VenueAddress":"","_VenueCity":"","_VenueCountry":"","_VenueProvince":"","_VenueState":"","_VenueZip":"","_VenuePhone":"","_VenueURL":"","_VenueStateProvince":"","_VenueLat":"","_VenueLng":"","_VenueShowMap":false,"_VenueShowMapLink":false},"_links":{"self":[{"href":"https:\/\/sistemas.tic.unam.mx\/index.php\/wp-json\/wp\/v2\/pages\/56006"}],"collection":[{"href":"https:\/\/sistemas.tic.unam.mx\/index.php\/wp-json\/wp\/v2\/pages"}],"about":[{"href":"https:\/\/sistemas.tic.unam.mx\/index.php\/wp-json\/wp\/v2\/types\/page"}],"author":[{"embeddable":true,"href":"https:\/\/sistemas.tic.unam.mx\/index.php\/wp-json\/wp\/v2\/users\/1"}],"replies":[{"embeddable":true,"href":"https:\/\/sistemas.tic.unam.mx\/index.php\/wp-json\/wp\/v2\/comments?post=56006"}],"version-history":[{"count":17,"href":"https:\/\/sistemas.tic.unam.mx\/index.php\/wp-json\/wp\/v2\/pages\/56006\/revisions"}],"predecessor-version":[{"id":57744,"href":"https:\/\/sistemas.tic.unam.mx\/index.php\/wp-json\/wp\/v2\/pages\/56006\/revisions\/57744"}],"wp:attachment":[{"href":"https:\/\/sistemas.tic.unam.mx\/index.php\/wp-json\/wp\/v2\/media?parent=56006"}],"curies":[{"name":"wp","href":"https:\/\/api.w.org\/{rel}","templated":true}]}}